. Let n be t(o). What are the prime factors of -1 - -1*(12 - n)?
2, 3
What are the prime factors of 12/(-28) - 370/(-14)?
2, 13
Suppose 3*l = -4*o + 41, 32 = -5*o - 2*l + 78. List the prime factors of o.
2
Let w(v) = v**3 + 3*v**2 - 2*v + 3. List the prime factors of w(-3).
3
Suppose 4*o - o + 37 = 2*h, -5*h = -4*o - 110. Suppose y = -y + h. List the prime factors of y.
13
Suppose 27 = -5*n + 8*n. What are the prime factors of n?
3
Suppose 0 = d + 4*d + 25. What are the prime factors of (24/(-5))/(1/d)?
2, 3
What are the prime factors of (-1)/((-6)/14)*9?
3, 7
Let t = 13 - 9. Suppose 3*h - 11 = t. What are the prime factors of h?
5
Suppose 13*x - 19*x = -1914. What are the prime factors of x?
11, 29
Let b(n) = n**3 + 6*n**2 + 2*n - 2. Let u be ((-5)/(-4))/(1/(-4)). What are the prime factors of b(u)?
13
Suppose 11 = 4*p + q, 3*p + q + 3 - 11 = 0. Suppose -4*i = -5*y + 193, -p*y + 3*i + 41 + 73 = 0. What are the prime factors of y?
41
Let h(w) = -w**3 + 2*w + 5. Let i be h(0). Suppose 5*k - i - 5 = 0. List the prime factors of k.
2
Let r = 205 + -60. What are the prime factors of r?
5, 29
Let m = -13 - -7. Let b(l) = -l**3 - 6*l**2 - 7*l + 8. What are the prime factors of b(m)?
2, 5
Let f(h) = 255*h**2 + 1. What are the prime factors of f(-1)?
2
Let s be (-2)/(-4*1)*6. Suppose 0*o + 93 = 3*o - 3*h, 2*o - s*h = 62. List the prime factors of o.
31
Let o = 17 - 8. List the prime factors of o.
3
Suppose 9*g - 4*g - 20 = 0. Suppose -g*w + 5 = -39. Suppose l + 3*l = 3*b + 33, l - w = -2*b. What are the prime factors of l?
3
Suppose 0 = 3*m - m - 10. Suppose 2*j = 3*j, -m*j = -4*t + 64. Suppose f = 3*f - t. List the prime factors of f.
2
Let d(p) = p**2 - 6*p - 2. List the prime factors of d(9).
5
Suppose 0 = 4*k - 417 - 1003. List the prime factors of k.
5, 71
Suppose 0*k + 3*k + 2*j - 121 = 0, -j = -2*k + 76. List the prime factors of k.
3, 13
Let i(v) = v**2 + 11*v - 19. What are the prime factors of i(-13)?
7
Suppose 300 = 3*n + n. Suppose 0 = 3*x - 3*f - n, -2*x + 4*f - f = -50. List the prime factors of x.
5
Let y be ((-8)/(-12))/(2/6). Let l(p) = p**2 + 2*p + 1. Let h be l(-1). Let z = y + h. List the prime factors of z.
2
Suppose -3*p + 57 + 9 = 0. List the prime factors of p.
2, 11
Suppose 0 = 3*p - 2*t + 2, 0 = 5*p + t - 2*t + 15. Let w(l) = l + 10. List the prime factors of w(p).
2, 3
Suppose -4 = a - n - 8, 5*n = 2*a + 1. Let t(b) be the first derivative of b**4/4 - 8*b**3/3 + 4*b**2 + 5*b - 1. What are the prime factors of t(a)?
2, 3
Let i = 95 - 25. What are the prime factors of i?
2, 5, 7
What are the prime factors of 3/(-2)*(-190 + -14)?
2, 3, 17
Let t(q) = q - 2. Let v be t(-4). Let c(p) = -6*p + 3. Let s be c(1). What are the prime factors of 3/v*-22 - s?
2, 7
Let x = -4 + 2. What are the prime factors of (x - 0)/((-8)/152)?
2, 19
Let f(d) = d**3 - 10*d**2 + 23*d - 2. List the prime factors of f(8).
2, 3
Suppose -17 = -6*t + 175. List the prime factors of t.
2
Suppose 5*w = 119 + 46. List the prime factors of w.
3, 11
Suppose -4*m - 2*v = -26, 4*v - 32 = m - 4*m. Suppose j = -j + m. List the prime factors of j.
2
Suppose 4*k + 0*k = 16. Suppose 5*g = l + 2*l + 200, -4*l = k*g - 160. List the prime factors of g.
2, 5
Let r(k) = -k**2 - 4*k. Let p be r(-6). Let n = 33 + p. What are the prime factors of n?
3, 7
Suppose 27 = 5*f - 168. What are the prime factors of f?
3, 13
List the prime factors of (3/(-6))/(4 + (-1155)/288).
2, 3
What are the prime factors of 4 + -2 - (-1)/((-1)/(-160))?
2, 3
Suppose 0 = 3*l - 0*l + 24. Let t be (-2)/(-6) - l/3. Suppose -m = -t*m + 12. List the prime factors of m.
2, 3
Let v = -36 + 56. Suppose 2*s + 0*s = v. List the prime factors of s.
2, 5
Suppose 3*k = -0*k - 21. Let s(w) = w + 10. Let n be s(k). Suppose -n*l = -4*f - 29, -2*l = -6*l - 4*f + 20. What are the prime factors of l?
7
Let g(n) be the second derivative of n**3/6 + 11*n**2/2 + n. Let z be g(-6). Suppose 0 = z*d - 0*d - 50. What are the prime factors of d?
2, 5
Suppose -5*j + 369 = 119. Suppose -5*w + j = -0*w. Let x = w - 6. What are the prime factors of x?
2
Let n(k) = -k**3 - 3*k**2 + 5*k - 6. Suppose x + 15 = -2*x. What are the prime factors of n(x)?
19
Suppose 0 = 4*s + 5*y - 124, -2*s + 3*s - 2*y - 18 = 0. Let p = -12 + s. What are the prime factors of p + -1 - (1 - -1)?
11
Suppose 0 = -46*v + 41*v + 635. List the prime factors of v.
127
Suppose 35 + 9 = 2*u + j, -5*j + 52 = 3*u. What are the prime factors of u?
2, 3
Let n(j) = -37*j - 11. List the prime factors of n(-1).
2, 13
Suppose 0 = 2*n + 3*p - 92 - 191, n = p + 144. List the prime factors of n.
11, 13
Suppose -203 - 73 = -3*y. List the prime factors of y.
2, 23
Let f(w) = w**3 - 6*w**2 + 3*w - 6. Let q be (-32)/(-5) - 12/30. List the prime factors of f(q).
2, 3
Let b be 2/(-4) - (-59)/(-2). Let n = -65 - -22. Let d = b - n. List the prime factors of d.
13
Let u(m) = m**2 - m. Let x be u(1). Let v(s) = -s + 12. What are the prime factors of v(x)?
2, 3
Suppose 6*a - 101 = 127. List the prime factors of a.
2, 19
Suppose 0 = -2*z + 41 + 31. List the prime factors of z.
2, 3
Let h(c) = -33*c**3 + c**2. Let d be h(-1). Let i(s) = s**3 + 7*s**2 + 5*s + 4. Let r be i(-6). List the prime factors of (-4)/r + d/10.
3
Let z = 228 + 7. What are the prime factors of z?
5, 47
Let q(g) = 6 + 3*g + g - 2*g. Let m be q(7). Suppose 0 = 3*z - m - 10. What are the prime factors of z?
2, 5
Let t = 5 + -1. Let k(h) = -h + 8. Let f be k(4). Suppose -f*l + 20 = -t. What are the prime factors of l?
2, 3
Let c be ((-2)/(-4))/((-2)/(-44)). Let i = -6 + c. Suppose -5 = -i*r + 25. List the prime factors of r.
2, 3
Let v(r) = r**2 + 5*r - 10. List the prime factors of v(-11).
2, 7
Let r(k) = -k + 4. Let l(b) = 15*b + 13. Let u(h) = 7*h + 6. Let o(y) = 6*l(y) - 13*u(y). Let w be o(0). List the prime factors of r(w).
2
Let b(y) = -7*y. Let s be b(-3). Suppose -5*x + 84 + s = 0. Suppose -3*m + 0*m = -x. List the prime factors of m.
7
Let b be 8/(-12) - (-14)/3. Let f = 21 - b. What are the prime factors of f?
17
Suppose -5*x = -0*x - 160. Let j be 10*1/((-1)/2). Let m = x + j. What are the prime factors of m?
2, 3
Suppose -4*w + 5*w = 19. What are the prime factors of w?
19
Let a(t) = t**2 + 5*t - 2. Let s be a(-5). Let y be ((-5)/10)/((-1)/s). Let p(u) = -9*u + 1. List the prime factors of p(y).
2, 5
Let a(i) = i**3 - 12*i**2 + 12*i - 7. Let p be a(11). Suppose -2*x = -p*o - 0 - 20, 2*x + 2*o + 4 = 0. Let d(q) = 4*q - 2. List the prime factors of d(x).
2, 3
Let d(p) = 2*p**3 + 6*p**2 + p. Let w be d(-4). Let y = w + 60. Suppose y = -z + 5*z. List the prime factors of z.
2, 3
Suppose f - 2*u - 3 = 0, -6*u - 7 = -f - 2*u. List the prime factors of (-2 - -4)*(4 - f).
2, 5
Suppose -t + 5*i = -5*t + 49, 4*t - 42 = 2*i. Suppose -5*u - t = -41. What are the prime factors of u?
2, 3
Let z(f) be the first derivative of f**2 - 5*f - 1. Suppose 4*w - 31 = -7. What are the prime factors of z(w)?
7
Suppose -d = -12 + 2. List the prime factors of ((-4)/d)/(1/(-30)).
2, 3
Let g = 458 - 141. What are the prime factors of g?
317
Let j = -288 - -417. List the prime factors of j.
3, 43
Suppose 5*f = c - 21, -3*c + 5*f = -6*c - 17. Let t = -4 + c. List the prime factors of 4 - (1 + 9/t).
2, 3
Let d(x) be the second derivative of x**3/3 - 5*x**2/2 - 5*x. What are the prime factors of d(4)?
3
Suppose l + 0*l - 58 = 0. What are the prime factors of l?
2, 29
Let o = 112 + -62. What are the prime factors of o?
2, 5
Let m(u) = -u**2 + 6*u - u**2 - 14*u + 2 + u**2. Let o(l) = -2*l + 9. Let q be o(8). List the prime factors of m(q).
3
Suppose -5*o + 4*f + 175 = 0, 0*f + 73 = 2*o - f. List the prime factors of o.
3, 13
Let b(l) = -2*l. Let r be b(3). Let j be (r/4)/(1/(-2)). What are the prime factors of 0 + 3 - (j + -12)?
2, 3
Suppose 0 = -3*m + 4*v + 49 + 12, -3*v - 22 = -m. What are the prime factors of m?
19
Let i(l) = -11*l + 1. Suppose -4*v - 5 - 3 = -2*k, 3*v + 6 = k. Suppose 3*z = -n - k*n - 3, 0 = 4*n. List the prime factors of i(z).
2, 3
Suppose -3*q + 254 = 4*l, -2*l + q + 128 = 2*q. List the prime factors of l.
5, 13
Suppose -144 = -5*h - 5*p - 29, -4*p + 46 = 2*h. List the prime factors of h.
23
Let b = -2 - -7. Suppose -b - 15 = -w. List the prime factors of w.
2, 5
List the prime factors of -5 + 7 + (3 - -198).
7, 29